22
Let g(u) = -u**2 - 5*u + 5. Suppose -4*j + 0*w = -3*w + 18, 2*w + 16 = -2*j. Calculate g(j).
-1
Let x be 4/(-2) + 6 + -4. Let k(l) = -l**2 + 3. Give k(x).
3
Let s(l) be the second derivative of 2/3*l**3 - 1/20*l**5 - 1/4*l**4 + 3*l + 0 - 3/2*l**2. Give s(-4).
-3
Suppose -20 = c + 4*c. Let h(q) be the second derivative of q**5/20 + 5*q**4/12 + 2*q**3/3 - q**2 - 9*q. Calculate h(c).
-2
Let f(b) = b + 8. Let u be f(-10). Let m be (-22)/11*(-2)/u. Let k(x) = x**2 + x + 2. What is k(m)?
4
Let m(k) = -k**3 + 3*k**2 - k + 4. Let d = 24 - 20. Let j be ((-2)/4)/(d/(-24)). Give m(j).
1
Let k(w) = -2*w**2 + 17*w - 20. Let z be k(6). Suppose 5*g - 5 = 15. Suppose 0 = -g*o + 2*o - z. Let f(s) = s**2 + 4*s. Determine f(o).
5
Let n(k) = -k - 2. Suppose 2 = -5*y - 8. What is n(y)?
0
Let q(j) be the first derivative of j - 1/3*j**3 - 3*j**2 + 1. Determine q(-5).
6
Let j = -26 + 20. Let y(m) = -m**2 - 4*m - 1. Give y(j).
-13
Let b(t) = 4*t - 33. Let p(y) = y - 8. Let h(a) = -2*b(a) + 9*p(a). What is h(4)?
-2
Suppose -4*x - 35 = -11*x. Let w(u) = u - 9. Calculate w(x).
-4
Suppose 8 = -4*d, 5*d + 11 = -2*k + k. Let n(y) be the first derivative of 3 - y - 8/3*y**3 - y**2. Give n(k).
-7
Let t(m) = -m + 12. Suppose 10 + 50 = -5*n. Let l = n - -21. Let w(u) = u**2 - 7*u - 13. Let i be w(l). Give t(i).
7
Let d(n) be the first derivative of -n**4/6 + n**2 - 4*n - 4. Let o(f) be the first derivative of d(f). Calculate o(-2).
-6
Let f(d) = d**2 + 3*d - 2. Let v be (-61)/(-7) - (-10)/35. Suppose -4*p = -3 - v. Suppose p*n + 8 = n. Calculate f(n).
2
Let o(i) = -i. Let y(f) = -f - 4. Suppose 0 = 4*n - 3*n - 1. Let t(z) = n*y(z) - 4*o(z). Give t(3).
5
Let d(p) = 0*p**2 + 2*p**2 + 3*p**3 - 2*p**3. Suppose 0 = x - 3*x - 4. Calculate d(x).
0
Let h(t) = 2*t**3 + 10*t**2 + 11*t + 10. Let f(y) = -y**3 - 5*y**2 - 5*y - 5. Let i(b) = -5*f(b) - 2*h(b). Give i(-4).
9
Suppose -4*k = -3*b + 12 - 2, 4*b = 3*k + 11. Let x(l) = -2 + l + 0*l**2 + b - 7*l**2. What is x(1)?
-6
Let z(w) = 3*w - 7. Let n be (-8 + 1)*(-1 - 0). Give z(n).
14
Let b(f) = 3*f**2 - f**3 - 53 + f + 46 - 2*f**2. What is b(0)?
-7
Let y be (6/15)/((-2)/(-20)). Let m(h) = h**3 - 5*h**2 + 2*h + 5. What is m(y)?
-3
Let v(k) = -3*k**2 + 3*k + 13. Let s be v(3). Let b(c) be the third derivative of -1/12*c**5 + 0*c - 1/3*c**3 - 1/120*c**6 + 0 - c**2 + 0*c**4. Calculate b(s).
-2
Let m(k) = k - 5. Let r(x) = -4*x + 15. Let y be r(10). Let h be (-5)/y - 42/10. What is m(h)?
-9
Suppose 5*y - 27 = -r - 3*r, 3*y = -4*r + 37. Let a(u) = 6*u + 9*u + 1 - r*u - u. Let o be (2/4)/(2/(-8)). What is a(o)?
-1
Let m(v) = -v**3 - 6*v**2 + 1. Let n(c) = -3*c**3 - 16*c**2 + c + 3. Let f(r) = 8*m(r) - 3*n(r). What is f(-2)?
-3
Let s(o) = -o**2 - 2*o - 1. Let f(p) = -p + 1. Let z(d) = -2*f(d) - s(d). Let l = -3 + 0. Give z(l).
-4
Let b = 7 + 5. Let w be (3/(-9))/((-2)/b). Let h(c) = -4*c**2 + 2 + 2 + 3*c**w. Calculate h(0).
4
Let o = 0 + 0. Suppose -d = 4*t, d - 2*t + 6 = -o. Let v(z) = -2*z - 7 - 5*z + 8 + 7*z - z. Determine v(d).
5
Let b(a) = a + 1. Let v(r) be the first derivative of 2*r**2 - 2*r + 1. Let n(p) = 3*b(p) - v(p). Determine n(5).
0
Let b be (-33)/9 - 1/3. Let g(t) = 2*t + 4. Give g(b).
-4
Let j(c) = -1 + 2*c**2 + c**3 + 3 - c**2. Let x(o) be the third derivative of o**5/60 + o**4/24 - o**3/3 - 2*o**2. Let p be x(0). Calculate j(p).
-2
Let o(r) = 0 + 0 + r**2 - r**3. Suppose -5 = -5*y - 2*s, -10 + 44 = 3*y - 5*s. Suppose y = 5*g - 8*g. What is o(g)?
2
Let y = -50 - -45. Let t = 2 + -7. Let s = y - t. Let v(n) = -n**3 + n**2 - 3. What is v(s)?
-3
Let i(h) be the third derivative of h**5/30 + h**4/6 + 2*h**3/3 + 9*h**2. What is i(-3)?
10
Let f = 4 + -3. Let t(m) = -1 - 12*m**2 + 5*m**2 + 4*m**2. What is t(f)?
-4
Let i(z) = 2 - 7*z + 3*z + 2*z + z. Suppose -c = -4*c. Determine i(c).
2
Let m(y) = -y**2 + 6*y + 3. Let i(u) be the third derivative of 7*u**6/120 - u**4/12 + u**3/6 - 8*u**2. Let a be i(1). Determine m(a).
3
Suppose 0 = 3*p + 2*p - 5. Let h(y) be the first derivative of 4*y**3 - y**2 + y - 38. Give h(p).
11
Suppose h - 4*d = 4*h - 29, 20 = 4*d. Let p be (-1 + 3)*2/1. Suppose -5*j + h*n + p = 0, j = 3*j - 4*n + 4. Let s(f) = 2*f + 2. What is s(j)?
6
Suppose -14 = 2*m + 2*d, -5*d - 17 = -2*m + m. Let t(r) = r**3 - r**2 - 4*r + 1. What is t(m)?
-23
Let a(k) = -7*k**3 - 2*k**2 - 2*k - 1. Let y(b) = -b**2 + 5*b - 5. Suppose -q + 12 = 2*q. Let v be y(q). Determine a(v).
6
Suppose 4*l - 4 = 4*k + 12, 0 = 5*l + 4*k + 16. Let x(w) = -w - 13. What is x(l)?
-13
Let p(f) = -f**2 - 2*f**2 + 0*f**3 + 0*f**3 + f**3 + 1 - 5*f. Give p(4).
-3
Suppose 7*z - z = 0. Let o(x) = -x**3 - x - 7. Give o(z).
-7
Let m(o) = -o**3 + 3*o**2 + 3*o - 4. Let k be 6*(-2)/(-3 - 3). Suppose -3 = -k*s + 2*q + 7, 4*s = -2*q + 8. Give m(s).
5
Suppose 2 + 8 = -5*b. Let y(g) = -2*g**2 + 2. Determine y(b).
-6
Let r(c) = -c**2 + 4*c - 4. Let m(d) = -2 - d - 2*d + 0*d + 2*d**2. Let v be m(-2). Suppose 0 = u + 2*u - v. Give r(u).
-4
Let k(f) = -3*f + 2. Suppose 4*z + b + 4 = -0*z, -3*z + 5*b = 26. Let o(q) = -7*q + 3. Let v(j) = z*o(j) + 5*k(j). Determine v(5).
-1
Let m(s) = 3*s**3 - 4 - 1 - 4*s + 3 - 4*s**3 - 3*s**2. Give m(-2).
2
Let p(o) = -o**3 - 4*o**2 + 5*o - 2. Let a(l) = -l**3 + 2*l**2 - 2*l + 3. Let d(x) = x**2 + 1. Let f(r) = -a(r) + 6*d(r). Let y be f(-4). What is p(y)?
-2
Let l(d) = -d - 4. Suppose -4*o - 12 = -0*o, 3*t + 3*o + 18 = 0. Let b be l(t). Let x(z) = z**2 + z - 1. Give x(b).
-1
Let m(b) = b + 6. Suppose -z + d + 0*d = 218, z + 210 = 3*d. Let o be 2/12 + z/36. Give m(o).
0
Let a be (-3)/15 + (-63)/(-15). Suppose a*u + 5 = 3*u. Let p(l) be the first derivative of l**3/3 + 3*l**2/2 - 3*l - 1. Determine p(u).
7
Let j(i) = -i**3 - 5*i**2 - 7*i - 5. Suppose -3*a - 2*a + 50 = 0. Suppose -u - 25 = 2*b - 7*b, -2*u = 2*b - a. Suppose h - 1 = -b. Determine j(h).
7
Let y(k) be the second derivative of -k**3/6 - k**2 - 8*k. Let t(f) be the third derivative of f**6/120 + 7*f**5/60 - 2*f**2. Let u be t(-7). What is y(u)?
-2
Let n(o) = -o**3 - 11*o**2 + o + 13. Let f be n(-11). Suppose x - 5*k + 26 = 0, -22 = 2*x + 3*x + f*k. Let s(y) = -y**2 - 7*y - 8. Give s(x).
-2
Let c(p) = p**2 + 4*p - 1. Let y be c(-2). Let q(z) = 12 - 8 - 2*z + 0*z - 5. Calculate q(y).
9
Let r be 6/1 - (-13)/(-13). Let x(f) = f + 1. Calculate x(r).
6
Let b(t) = t**2 - t + 2. Let f be b(0). Let l(h) = -f + 0 - 2*h + 3. Calculate l(-2).
5
Suppose -h = h - 4. Suppose -3*r + u - 3 + 21 = 0, h*r = -2*u + 4. Let b(q) = -q**2. Let g(m) = -m**2 - 7*m + 3. Let n(a) = -2*b(a) + g(a). Calculate n(r).
-7
Suppose 3*l - w - 37 = 3*w, 48 = 4*l - 4*w. Suppose -l - 1 = 3*t. Let p(c) be the third derivative of c**5/30 + 7*c**4/24 + 5*c**3/6 - c**2. Give p(t).
9
Let c(s) = s**3 + 6*s**2 - 2*s + 4. Suppose 5*k - 8 + 38 = 0. What is c(k)?
16
Let a(z) = -z**2 + 2*z + 2. Let g = -2 - 1. Suppose 4*d - 4 = -4*h, -d = -7*h + 2*h - 1. Let y = d - g. Give a(y).
-6
Suppose 0 = -g - 0*g. Let y(k) = 3*k + 2*k - 4*k + 5 - 3. What is y(g)?
2
Let u(n) = -2*n + n - 1 - 10. Let h(t) = -11*t - 49. Let p be h(-4). Calculate u(p).
-6
Let r(d) = d + 8*d**2 + d - 10*d**2. Let v be (-1)/(-1*2/4). Give r(v).
-4
Let t = 1 + 2. Let u(r) = 2*r**3 - t*r**2 + 0*r**3 + 3 - r - 3*r**3. Suppose 0*o - 12 = 4*o. What is u(o)?
6
Let o = 86 + -84. Let t(g) be the second derivative of -g + 0 - 1/3*g**3 - 1/20*g**5 - 1/2*g**o + 1/4*g**4. Determine t(2).
-1
Let l(a) = -9*a**2 - 5*a + 7. Let f(b) = 10*b**2 + 6*b - 8. Let k(p) = 6*f(p) + 7*l(p). Suppose 0 = -4*c - 20, 4*j - 5 + 26 = -c. Let v = j + 3. Determine k(v).
-3
Let c(h) be the second derivative of -h**4/12 - h**3/6 + h**2/2 + 14*h. Give c(1).
-1
Suppose -2*u = c - 4, c = 3*u - 4*c - 19. Let k(m) be the first derivative of 2*m**3/3 - 3*m**2/2 + m + 18. Calculate k(u).
10
Suppose u + u + 6 = 0. Let g(r) = -r. Calculate g(u).
3
Let u be ((-30)/40)/(3/(-8)). Let b(x) be the second derivative of x**5/20 - x**4/4 + x**2 + 4*x. Give b(u).
-2
Let x(l) = 0 + 4 + 4*l - 2 + 0*l**2 - l**2. Let c be (32/(-12))/((-2)/3). Give x(c).
2
Let y(m) be the first derivative of -m**3/3 + m**2/2 - 4*m - 5. Let u be y(0). Let q(j) = j**3 + 2*j**2 - 7*j - 6. Calculate q(u).
-10
Let c be 2 + -6 + -1 + 3. Let w(v) = v**3 + 3*v**2 + 2*v + 1. What is w(c)?
1
Let b(v) be the third derivative of v**4/24 + 2*v**3